ctor of 3006 and 45585.
9
What is the highest common divisor of 371183 and 8599651?
3469
Calculate the greatest common factor of 280675 and 1055.
5
Calculate the greatest common divisor of 142921 and 1268833.
1091
Calculate the greatest common divisor of 1789618 and 2867.
61
What is the greatest common divisor of 9383850 and 60?
30
Calculate the greatest common factor of 137329 and 377607.
191
What is the highest common factor of 4836856065 and 7905?
7905
Calculate the highest common factor of 14410776 and 328.
8
What is the highest common divisor of 69245 and 299706?
11
Calculate the greatest common factor of 11 and 6075146.
11
Calculate the greatest common divisor of 15808768 and 3848.
296
Calculate the highest common factor of 552 and 2588264520.
552
What is the greatest common divisor of 57728 and 22971520?
1408
What is the highest common divisor of 924178 and 1336?
334
What is the highest common factor of 3521350 and 125?
25
What is the greatest common factor of 12 and 3473058?
6
Calculate the highest common divisor of 24 and 2824749.
3
Calculate the greatest common factor of 35799 and 762.
3
Calculate the greatest common factor of 53298 and 468909.
567
Calculate the greatest common divisor of 611288 and 1204.
172
Calculate the greatest common factor of 1884 and 61122612.
1884
What is the greatest common factor of 2781 and 8772201?
927
What is the greatest common divisor of 13768 and 15063913?
1721
Calculate the greatest common factor of 210 and 211848.
42
What is the greatest common divisor of 73 and 8627943?
73
What is the highest common divisor of 40047011 and 79021?
4159
Calculate the highest common factor of 312 and 6205944.
24
Calculate the greatest common factor of 38 and 228133.
19
Calculate the highest common factor of 28917 and 3402.
1701
Calculate the highest common divisor of 427321113 and 2157.
2157
What is the highest common divisor of 16692 and 31116?
12
What is the greatest common factor of 408 and 344522?
34
Calculate the highest common factor of 16980625 and 1250.
625
What is the highest common factor of 10303450 and 3950?
50
What is the greatest common factor of 1519190 and 370015?
215
Calculate the greatest common factor of 7329 and 229593.
21
Calculate the greatest common divisor of 167706998 and 1598.
94
What is the greatest common factor of 3624254 and 2?
2
Calculate the highest common divisor of 1435064 and 264.
8
What is the highest common factor of 500507 and 238?
7
Calculate the highest common divisor of 338 and 17320134.
338
What is the highest common factor of 55009548 and 44?
44
What is the highest common divisor of 42380779 and 343?
7
What is the highest common factor of 240126 and 375317?
31
Calculate the greatest common factor of 13826271 and 740.
37
Calculate the highest common divisor of 247594 and 12986.
86
Calculate the highest common factor of 78490 and 228790.
1670
Calculate the greatest common divisor of 24200 and 53089355.
605
Calculate the greatest common divisor of 708 and 466930012.
236
What is the greatest common factor of 1249599 and 2379?
39
Calculate the highest common factor of 1476 and 3138084.
36
What is the greatest common factor of 3440 and 15685?
5
Calculate the greatest common factor of 5654 and 5344572.
514
Calculate the highest common divisor of 11876168 and 16.
8
What is the greatest common divisor of 10514088 and 4512?
1128
What is the highest common divisor of 154859 and 1020211?
23
Calculate the highest common factor of 64959246 and 44022.
1914
What is the highest common factor of 181184 and 301750628?
11324
Calculate the highest common divisor of 575383316 and 232.
116
Calculate the greatest common factor of 11802 and 68292.
42
What is the highest common divisor of 14610012 and 456?
228
Calculate the highest common divisor of 28996 and 198088.
44
What is the greatest common divisor of 223464 and 4632?
24
Calculate the greatest common divisor of 40 and 6139830.
10
What is the highest common divisor of 13 and 2309569847?
13
Calculate the greatest common divisor of 212485 and 20613380.
2335
What is the highest common divisor of 36125 and 3368000?
125
What is the greatest common divisor of 404137 and 54161?
41
What is the highest common divisor of 125263352 and 18278?
1406
Calculate the greatest common factor of 51917 and 487518.
193
Calculate the greatest common factor of 6324 and 5004086.
34
Calculate the highest common factor of 82 and 118889053.
41
Calculate the highest common divisor of 1236672 and 145008.
2736
Calculate the highest common factor of 5834316 and 312.
12
What is the highest common factor of 3893 and 92225?
17
Calculate the greatest common factor of 171781 and 31979.
283
What is the highest common factor of 453 and 4743816?
453
Calculate the greatest common divisor of 19904 and 436336.
16
What is the highest common factor of 44862 and 178962?
6
What is the highest common factor of 4317 and 112710?
3
What is the greatest common divisor of 188340 and 860?
860
What is the greatest common divisor of 108309 and 312588?
1371
Calculate the greatest common divisor of 8994895 and 5595.
1865
What is the highest common factor of 698143748 and 46?
46
Calculate the highest common factor of 213138 and 71334.
54
Calculate the greatest common factor of 23250 and 58880.
10
What is the highest common divisor of 16184 and 38625428?
1156
Calculate the greatest common factor of 50439 and 523549.
391
What is the greatest common divisor of 78768208 and 1156?
68
Calculate the greatest common factor of 4812 and 14131641.
1203
What is the highest common divisor of 34870 and 6435?
55
What is the highest common factor of 27057217 and 4112?
257
Calculate the greatest common factor of 416 and 445472144.
208
What is the greatest common divisor of 729 and 150517359?
729
Calculate the greatest common divisor of 450272861 and 62.
31
Calculate the highest common factor of 17018075 and 44075.
1025
Calculate the highest common divisor of 101295975 and 220.
55
What is the greatest common factor of 2591452 and 1?
1
Calculate the greatest common divisor of 390 and 3888534.
78
Calculate the highest common divisor of 89246856 and 4.
4
What is the greatest common divisor of 67525 and 5875?
25
Calculate the greatest common factor of 131 and 18374453.
131
Calculate the greatest common factor of 78130 and 170599860.
6010
What is the highest common factor of 2328 and 43408470?
582
What is the highest common divisor of 11037884 and 11638?
506
Calculate the highest common divisor of 172803215 and 85.
85
Calculate the highest common divisor of 13797 and 30681.
63
Calculate the greatest common factor of 75 and 7610825.
25
Calculate the greatest common divisor of 2467364 and 159.
1
Calculate the highest common divisor of 135235268 and 4.
4
What is the greatest common factor of 7 and 425681?
1
Calculate the highest common factor of 1687257 and 276.
69
What is the highest common divisor of 171498 and 2207052?
606
Calculate the highest common divisor of 111680220 and 30.
30
What is the greatest common factor of 1585 and 31128766?
317
What is the greatest common factor of 211301 and 1909?
23
What is the greatest common divisor of 5470493 and 11032?
1379
Calculate the greatest common divisor of 12191 and 2157473.
167
Calculate the greatest common divisor of 143322410 and 10472.
2618
Calculate the highest common divisor of 1316709 and 54.
27
What is the greatest common factor of 657 and 524806344?
657
What is the greatest common divisor of 231523 and 391?
17
Calculate the highest common divisor of 16135448 and 3808.
952
What is the highest common factor of 83458143 and 377?
29
Calculate the greatest common factor of 15131576 and 16.
8
What is the highest common factor of 689718704 and 488?
488
What is the highest common divisor of 144 and 61982154?
18
Calculate the highest common divisor of 100 and 182585350.
50
What is the greatest common factor of 78 and 28388142?
6
What is the greatest common divisor of 6534 and 2865038?
242
Calculate the greatest common factor of 615016 and 60416.
472
Calculate the highest common factor of 111264 and 14446752.
5856
Calculate the greatest common divisor of 8921 and 29987536.
811
Calculate the highest common factor of 1758250851 and 5397.
5397
What is the greatest common factor o